the first derivative of -l**3 - 3*l**2 - 2*l - 2289. Determine h(0).
-2
Let j(i) be the first derivative of i**4/4 + 8*i**3/3 + 7*i**2/2 + 37. Suppose -5*m + 3*m + 12 = 3*z, -3*z - 3 = -3*m. Suppose 7*a + m = -39. Determine j(a).
30
Let u = 2 - 5. Let j(x) be the second derivative of -x**6/240 - x**5/30 - x**4/6 + 30*x**2 - 112*x. Let n(t) be the third derivative of j(t). What is n(u)?
5
Let r = 9 + -5. Let k = -2 - r. Let w(y) = 7*y - 6*y**2 + 2326*y**3 + 4 - 2325*y**3 + 13*y**2 + 1. Calculate w(k).
-1
Let u(m) = 10*m - 453. Let a(b) = 12*b - 463. Let x(t) = -6*a(t) + 5*u(t). Determine x(23).
7
Let j = 565 + -563. Let w(c) be the first derivative of 1/4*c**4 - 3*c**3 - 11/2*c**j + 11*c + 22. Give w(10).
1
Let f(x) = -2*x**3 - 17*x**2 + 15*x + 37. Let v be (372/(-62))/((-3 - (-15)/9) + 2). Give f(v).
-17
Let a(o) = -64*o**2 - 13*o + 108*o**2 - 45*o**2 - 29. Calculate a(-10).
1
Let k(h) = h**2 + 18*h - 1. Let j be (-1 - 3) + 120/4*1. Suppose 2*f = 2*a - j, -7 = 31*f - 32*f + 5*a. What is k(f)?
-1
Let p(q) = -q**2 + 17*q - 34. Let n = -8992 - -9008. Give p(n).
-18
Let w(c) = -971*c - 16*c**2 + 977*c - 14 + 17*c**2. Calculate w(-11).
41
Let m(h) = h**3 + 16*h**2 + 16*h + 10. Let a(z) = -z**3 - 94*z**2 - 87*z + 543. Let u be a(-93). Give m(u).
-5
Suppose 5*d + 3*s = 118, 35 - 34 = s. Let p(f) = f**2 - 18*f - 123. Give p(d).
-8
Let w(c) = c**2 + 6*c + 12. Let m = -701 - -692. Calculate w(m).
39
Let b(g) = 4*g**2 - 1699640*g**3 - 3 + 1699639*g**3 - 6 + 8*g. Calculate b(4).
23
Let a(i) = i**2 + 6*i - 7. Let s = 172 - 163. Suppose 4*f = s - 29. Give a(f).
-12
Let o be (-28 - -32) + 2*10/4. Suppose -19*u + 10*u = -o. Let w(g) = -g**2 + g - 2. Give w(u).
-2
Let o(k) = -k**2 + 3*k + 7. Suppose 4*p + 1 - 53 = -2*n, -4*n = -4*p + 40. Suppose -z = -3*z + p. Give o(z).
-11
Let n(o) = -9*o + 46. Let h(k) = 2*k - 9. Let c(l) = -2*h(l) - n(l). Calculate c(3).
-13
Let f = -2 - -4. Let b(x) = 3*x**2 + 5*x + 14 - 18 - 4*x**f. Let i(l) = -l**3 + 3*l**2 + 13*l - 9. Let r be i(5). What is b(r)?
-10
Let a(z) = -4*z - 161. Suppose -38*c - 1053 = -11*c. Let i be a(c). Let g(q) = q. What is g(i)?
-5
Let i(c) = 150*c**2 + 41*c + 176. Let g(p) = 107*p**2 + 27*p + 118. Let l(u) = 7*g(u) - 5*i(u). Determine l(-6).
6
Let w(f) = f**2 + 1 - 6 - f + 4. Let a(v) = -3*v**2 - 2*v + 10. Suppose 17 = 5*z + m - 4*m, -4*z = m. Let g(i) = z*a(i) + 4*w(i). Calculate g(5).
1
Let k(g) = -g**3 + 6*g**2 - 4*g - 3. Let q = 548 + -518. Suppose 19*w - 65 = q. Give k(w).
2
Let a(n) = -n**3 - n**2 + 9*n + 15. Let l(y) = y**3 - 40*y**2 + 16*y + 894. Let t be l(39). Calculate a(t).
6
Let l(y) = -17*y**3 + 14*y**2 + 41*y + 9. Let z(n) = 31*n**3 - 28*n**2 - 82*n - 18. Let k(c) = -11*l(c) - 6*z(c). Calculate k(-4).
5
Let s = 5907 + -5895. Let d(t) be the third derivative of 0 + 0*t**4 - 1/60*t**5 - 1/6*t**3 + 0*t - s*t**2. What is d(2)?
-5
Let z(w) = 5*w**3 - 8*w**2 + 12*w. Let x(n) = -44*n + 24*n**2 + 6 - 5 + 27*n - 18*n - 14*n**3. Let r = 10 + -6. Let m(h) = r*x(h) + 11*z(h). Calculate m(7).
-3
Let y = 7 + -4. Let f = y + -4. Let x(w) = 2*w + 56 + 55 - 110 + 3*w**2 + 11*w**3 - w**2 + 2*w**3. What is x(f)?
-12
Let n(w) = 778*w + 2 + 776*w - 3*w**2 + w**3 - 1559*w. What is n(3)?
-13
Let i(c) = -2*c**2 + 3*c. Suppose 0 = -29*w + 122 + 110. Suppose -w*g = t - 28, -g + 23 = 2*t + 3*t. What is i(g)?
-9
Let w = -913 - -922. Let m(t) = -16*t + 0 + 7*t - 1 + 8*t - 3*t**3 + 2*t**3 - w*t**2. Determine m(-9).
8
Let z(d) = -d**3 - 34*d**2 - 32*d + 49. Let j be z(-33). Suppose 4*s = 6*s. Suppose s = -43*x + 47*x + j. Let h(l) = l**3 + 5*l**2 + 5*l + 4. Calculate h(x).
0
Let p(v) be the first derivative of -v**4/4 - 3*v**3 + 3*v**2 - 5*v - 523. Suppose 3*t + 11*u - 16*u + 30 = 0, -2*u = 2*t + 20. Determine p(t).
35
Let r(o) = 25*o + 587. Let l be r(-24). Let h(y) = y + 19. Calculate h(l).
6
Let i(d) be the third derivative of d**5/60 - d**4/12 + d**3/3 + 15*d**2. Let c be 2/(-6)*-111*-1*1. Let a = c - -41. What is i(a)?
10
Let w be (-6)/8 - (-21)/12. Let z(l) be the third derivative of -13*l**6/120 - l**5/60 + l**4/24 + 53*l**2 + 3*l. Give z(w).
-13
Let h(o) = 6 - 1 + 4*o + 1. Let f be (321/(-428))/((-15)/(-80)). What is h(f)?
-10
Let o = -116 + 79. Let w = 36 + o. Let r be 0 - (-4 - (-1 + w)). Let s(q) = q**3 - 3*q**2 - q + 1. Calculate s(r).
-5
Let y(c) be the second derivative of -c**5/20 - 10*c**4/3 - c**3/6 - 31*c**2/2 - 8566*c. Give y(-40).
9
Let t = 449 - 355. Let s = 100 - t. Let w(k) = k**2 - 7*k. Calculate w(s).
-6
Let d(k) = 3*k - 3. Let i be d(2). Let t(w) = -w**2 + 7*w - i*w**3 + 2 - w**3 + w**3 - 5*w. Suppose 19*x = 26*x + 14. Determine t(x).
18
Let p = 42392 + -42393. Let x(o) = 11*o - 4. Determine x(p).
-15
Let a(j) = 4*j + 21. Let m(i) = -i**3 - 21*i**2 - 5*i - 108. Let f be m(-21). Let n(t) = 58*t + 167. Let q be n(f). Give a(q).
-7
Let p(k) = k**3 + 15*k**2 + 26*k - 6. Suppose 45 + 917 = -84*t + 10*t. Determine p(t).
-6
Let v(z) = -10*z - 1. Let d(x) = -2*x**3 - 11*x**2 + 19*x + 9. Let g(o) = -3*o**3 - 16*o**2 + 28*o + 14. Let c(i) = -7*d(i) + 5*g(i). Let y be c(-4). Give v(y).
49
Let z = 10686 - 10686. Let j(i) = -2*i + 19. Calculate j(z).
19
Let d(z) = -3*z - 8. Suppose 30*v = -46*v - 304. Calculate d(v).
4
Let n(p) = 3*p - 78. Let a(t) = -6. Let j(g) = 30*a(g) - 2*n(g). Calculate j(-6).
12
Let a = -679 - -1008. Let y = -339 + a. Let g(j) = -j**3 - 10*j**2 + 3*j + 14. What is g(y)?
-16
Let x = 87 - 118. Let l = x - -34. Suppose l = 11*h + 47. Let g(v) = -4*v - 5. What is g(h)?
11
Let m(i) = -i. Let n(g) = 2*g**2 + 12*g - 3*g + 2*g**2 + 4 + 11*g. Let w(l) = -8*m(l) + n(l). Let p be w(-7). Let t(z) = -z + 7. Determine t(p).
3
Let f(j) = j**2 + 8*j + 19. Suppose -4*d = -3*b - 20, -b - 3 = 4*d + 9. Give f(b).
19
Let v = -136 + 139. Let r be 1 - -5 - (2 - 2). Let f(g) = g + r*g**2 - 4 - 4*g**2 - g**3 + g. Determine f(v).
-7
Let l(w) = w - 6. Suppose 15 = -4*y + 23. Suppose 3*t + 11 - 14 = 0, 3*r - y*t = 16. Calculate l(r).
0
Let a(b) = -5 + 0*b**2 + 3 + b**2 + 2*b. Let m(x) = x + 24. Suppose 2*y - 68 = 3*c, 9*c = 12*c - 3*y + 69. Let n be m(c). Give a(n).
6
Let d(b) = 146 + 127*b - 65*b - 104 - 69*b. What is d(6)?
0
Suppose 14 - 2 = -3*g. Let o(q) = 5318*q - 26. Let s(m) = 1013*m - 5. Let r(n) = 4*o(n) - 21*s(n). Give r(g).
5
Suppose 3*s - h + 8 = -2*s, -3*s - 9 = -2*h. Let p(b) = -83 - 86 + 276 - 108 + 10*b + 8*b - 3*b. What is p(s)?
-16
Let n be (-1125)/(-450) + (-2 - (-14)/4). Let l(d) = -5*d - d - d. Give l(n).
-28
Let t(y) be the third derivative of -y**6/120 - y**5/5 - 11*y**4/12 - 7*y**3/6 - 2769*y**2 + 2*y. Determine t(-10).
13
Let t(g) be the first derivative of g**4/4 - 5*g**3/3 + 7*g**2/2 - 4*g - 12. Let c be (-2)/(4*(-2)/(-4)). Let u = 5 + c. Give t(u).
8
Let h = 38 + -35. Let f(q) = 2*q + 17 - 4*q + h*q - 10. What is f(-11)?
-4
Let n be (-12)/(-10)*460/8. Let a = n + -62. Suppose 3*b + 11 = -a. Let f(c) = -c**2 - 7*c - 4. Give f(b).
2
Suppose -3*l + 19 = -4*t, -3 = l - 5*t - 13. Let q(o) = -l + 21 + 21*o - 20*o. Determine q(-15).
1
Suppose -37 = 5*q - 3*x, 4*q - 2*x + 24 = -x. Let r(g) = g**3 + 5*g**2 - 543437*g + 6 - 543442*g + 1086886*g. Calculate r(q).
-29
Let z(m) = -26*m**2 - 15*m**2 + 53*m**2 - 9*m - 11*m**2 + 13. Determine z(13).
65
Let k(f) = -6*f**2 - 1. Let y(i) = -59*i**2 + 6*i - 23. Let s(l) = -10*k(l) + y(l). Determine s(-10).
27
Let v = -413 - -551. Let w = v + -132. Let q(z) = 4*z - 18. What is q(w)?
6
Let g = 138 + -131. Suppose g*l = -60 + 4. Let p(r) = -r - 7. Calculate p(l).
1
Let j be (-2)/6 - 96/9. Let h(x) be the second derivative of x**4/12 + 4*x**3/3 - 12*x**2 + 2*x + 353. Determine h(j).
9
Let i be (-4 + -1 + 2)*(-40)/60. Suppose 5*g = i*l - 8, -2*l - 5*g + 0 = 12. Let k(p) = 1 - 3*p**2 - p + p. Give k(l).
-2
Let t(q) = 10*q - 121. Let c be 32/3 + (78/(-390) - (-46)/30). Give t(c).
-1
Let k(w) = -9*w - 1. Let s = 86 - 57. Let n = 32 - s. Suppose 0*q - 3*q = -n. Calculate k(q).
-10
Let j(s) = 2*s**3 - 22*s**2 - 20*s - 32. Suppose 0 = 5*i + 2*f + 32 - 78, -67 = -5*i + f. Determine j(i).
16
Let r(i) be the second derivative of i**4/6 - 5*i**3/2 + 59*i**2/2 + 3203*i. What is r(7)?
52
Let j(h) = -h**3 - 36*h**2 + h + 39. Let l = -8571 + 8535. What is j(l)?
3
Let n(m) = -14*m - 38. Let o be (-14859)/3810 + 1/(-10). Give n(o).
18
Let v(c) be the first derivative 